vative of 5*b + 0*b**2 - 1/12*b**k + 7/6*b**3 + 0. Calculate s(5).
10
Let n(k) = -k**2 - 3*k + 2. Let r be n(-4). Let x be 63/(-14)*r/(-3). Let l(b) = 2*b**2 + 5*b + 2. What is l(x)?
5
Let n(o) = o - 4. Suppose m - 7 = -a, -17 = -5*a - 2*m + 24. Let j be (-64)/12 - (-3)/a. Determine n(j).
-9
Let v(x) = -x**3 + 7*x + 3. Let w(r) = r**3 + 11*r**2 + 9*r - 12. Let c be w(-10). Determine v(c).
-3
Let n(a) = a**3 + 6*a**2 - 5*a - 4. Suppose -16*f - 66 = -5*f. Determine n(f).
26
Let p(n) be the second derivative of -n**4/6 - 4*n**3/3 + 3*n**2 + 30*n. What is p(-6)?
-18
Suppose 12*z = 6*z - 36. Let o(r) = r**3 + 6*r**2 - 3*r - 8. Determine o(z).
10
Let j be (36/6 - 8) + -9. Let p(r) = -r**2 - 16*r - 48. Let n be p(j). Let f(g) = 0*g - 2*g + 4 + g. What is f(n)?
-3
Let u(o) = -13*o**2 - 2*o + 2. Let d(j) = -30*j**2 - 5*j + 5. Let a(t) = -2*d(t) + 5*u(t). Suppose -5*x = 2*v + 17, 5*v + 2 = 3*x + 6. Give a(v).
-5
Let t(u) = -15*u + 30. Let i(b) = 3*b - 6. Let h(r) = -21*i(r) - 4*t(r). Determine h(5).
-9
Let a = 680 - 684. Let i(u) = -u**3 - 4*u**2 - 3*u - 4. What is i(a)?
8
Let r(j) = 49 + 39 - j - 96. Determine r(11).
-19
Suppose -4*b + x = -0*x - 22, 8 = -4*x. Suppose -b*r - 2 - 4 = 4*m, -4*m - 18 = -r. Let a(j) = j**2 - 2*j + 3. Give a(r).
3
Let m = -176 + 170. Let x(p) = -p + 1. Calculate x(m).
7
Let q(v) = v**2 + v - 1. Let h be (-20)/(-3)*(-18)/(-24). Determine q(h).
29
Let v = 271/366 - 9/122. Let n(w) be the first derivative of v*w**3 - 4*w - 1/2*w**2 + 3. Determine n(-3).
17
Let t = -63 - -108. Let v = 45 - t. Let f(j) = j**2 - 14. Determine f(v).
-14
Let t(z) be the third derivative of z**6/120 - z**5/10 + 5*z**4/24 + z**3/2 + 22*z**2 + 2. Let a(b) = 7 - 5*b + 7 + 4*b. Let f be a(10). Determine t(f).
-9
Let g(b) = 12*b**2 + b. Let u(t) = -24*t**2 - 2*t. Let s(n) = 7*g(n) + 3*u(n). Suppose 1 + 9 = 2*d. Suppose -d*a + i = 8, 4*a = -0*a - 3*i + 5. What is s(a)?
11
Suppose y - 4 = 2. Let j(s) be the first derivative of 1/2*s**2 + 5 + 4*s. What is j(y)?
10
Let g(y) be the first derivative of y**4/4 - y**3/3 - y**2/2 - 10*y - 2. Suppose -31*z - 2 = 14*z - 2. Give g(z).
-10
Let s(t) = -2*t - 5. Suppose -19 = -4*b - 3. Suppose -2*q + 2*h = 6, 0*q - 40 = b*q + 3*h. Determine s(q).
9
Let n(u) be the third derivative of 0 - 1/6*u**3 - 2*u**2 + 1/24*u**4 + 0*u. Give n(-6).
-7
Let q(r) = -6*r + 19. Let t(g) = -7*g + 23. Let v(i) = 6*q(i) - 5*t(i). Let h(k) = -2*k - 3. Let m be h(-2). Calculate v(m).
-2
Suppose 2*g = -g + 5*g. Let o(j) = 3*j**3 - 2 + 0 + 0. Let d(h) = -16*h**3 + 11. Let x(r) = 2*d(r) + 11*o(r). What is x(g)?
0
Let j(a) = a + 23. Let v(r) = 5*r + 95. Let i(c) = -4*j(c) + v(c). Suppose -n - 6*f + 2 = -5*f, -4*n - 2*f = -10. Calculate i(n).
6
Let g(p) = -10*p + 147. Let w be g(14). Let a(c) = c**2 + 7. Determine a(w).
56
Let q(p) be the first derivative of p**4/24 + 2*p**3/3 - 2*p**2 - 35. Let s(a) be the second derivative of q(a). Give s(-9).
-5
Suppose 3*n - 2*l - 17 = -0*n, -4*n - 5*l - 8 = 0. Let p(u) be the first derivative of -2 + n*u - 3/2*u**2 + 1/3*u**3. Calculate p(4).
7
Let h(a) = -11*a**2 - 3*a. Let n be h(-2). Let s = n + 44. Let o(b) = b**2 - 6*b + 9. Determine o(s).
9
Let j(a) = a**3 + 6*a**2 - 16*a + 6. Let h(v) = 8*v + 88. Let k be h(-12). Determine j(k).
6
Let r(o) = -o**2 - o + 1. Let w(n) = 3*n**2 - 4*n + 3. Let c(f) = 2*r(f) + w(f). Let l be (-6)/(-2 + 1/2). Give c(l).
-3
Let q = -14 - -10. Suppose -5*j + p - 5 = 4*p, 4*j - 13 = p. Let a(y) = -5*y**2 + 4*y - 2*y + 2 - y**3 - 7*y + j*y. Determine a(q).
-2
Let k(l) = 5*l**3 + 2*l**2 + 3*l - 5. Let s = -7 + 16. Let m = s + -13. Let h(w) = 9*w**3 + 5*w**2 + 5*w - 9. Let d(r) = m*h(r) + 7*k(r). Determine d(-6).
-5
Let q(w) = 7*w**2 - w - 13. Let x(h) = 3*h**2 - 6. Suppose 5*y + 2*u - 29 = 0, 4*u - 23 = 2*y - 5*y. Let f(n) = y*x(n) - 2*q(n). Give f(-5).
11
Let c(h) = -5*h**3 - 8*h**2 + 2*h + 12. Let k(r) = -4*r**3 - 4*r**2 + 3*r + 12. Let p(o) = -3*c(o) + 4*k(o). Determine p(9).
-15
Suppose -5*d - 30 = -c, 3*c - c - d = 78. Let s(x) = -c*x**2 - x - 3*x + 39*x**2 + x - 1. Give s(-3).
-1
Suppose 0 = w + 2*w - 12. Let s = 16 + -11. Let u(k) = 3*k - s - k + 3. Give u(w).
6
Let p = -830 + 826. Let k(b) = -2*b**2 - 6*b - 4. What is k(p)?
-12
Let k(c) = -c**3 + 2*c**2 + 4*c - 2. Let z = 9 - 6. Let y be 20/(-30) + (-4)/z. Let g be (-1 - 14/y)/2. Calculate k(g).
1
Let p(f) be the second derivative of -f**4/12 + f**3/6 + 389*f. Give p(1).
0
Let x(k) be the third derivative of -k**7/1680 - k**6/180 + k**5/15 + 12*k**2. Let w(h) be the third derivative of x(h). Let r = 6 - 11. Give w(r).
11
Suppose 4*c - 30 + 10 = 0, 2*u - 4*c = -2. Let p(x) = 6*x + 7 + 13*x**2 - 21*x**2 + u*x**2. What is p(-5)?
2
Suppose 4*o - 2*y - 10 = 12, -3*y - 21 = -2*o. Let t(j) = 2*j - 4. Calculate t(o).
2
Let c = -229 - -231. Suppose -7*i - 4 = -3*i, -3*l - 13 = i. Let s = c + l. Let t(x) = x**2 - x + 2. Give t(s).
8
Suppose 170 = 64*c + 746. Let n(z) = z**3 + 8*z**2 - 7*z + 13. What is n(c)?
-5
Suppose 0*m + 3*d - 435 = -3*m, m - 160 = -4*d. Suppose 12*v = 7*v - m. Let k be v/6 - 10/(-15). Let t(j) = j**2 + 3*j - 2. Give t(k).
2
Let r be (20/(-8) - -3)*4. Let l(j) = 5*j + 7 + j**r + 5*j - 6*j. Let c(h) = 6*h**2 + 21*h + 36. Let x(n) = -2*c(n) + 11*l(n). What is x(4)?
-3
Let d be (45/(-6) - -4)*-2. Suppose 0 = -5*q - a - 11, -q - a - d = -2*a. Let w(z) = -3*z - 1. Determine w(q).
8
Let r(q) = -q**2 - 1. Let i(y) = y**3 + 10*y**2 + 4. Let n be i(-10). Suppose l = k + 3, 10 = 6*l - n*l. Determine r(k).
-5
Let q(f) = -f - 1. Let k(c) = 2*c + 2. Let n(y) = 4*k(y) + 7*q(y). Suppose -3*u + 1 = 7. Let d be (-1)/(u*3/(-12)). Calculate n(d).
-1
Suppose -c - 12 + 11 = 0. Let d = 2 + c. Let h(w) = 0 + 4 - 4 + 4*w - d. Give h(-3).
-13
Suppose -f = -1 + 5. Let b = -17 - -19. Let r(g) = -2*g + 2 - 14*g**3 + 13*g**3 - 5*g**b + g**2. Give r(f).
10
Let u(q) be the second derivative of 15*q + 0 - 5/6*q**3 - q**2. What is u(-2)?
8
Let i(a) = -a**2 + 4*a - 2. Suppose -4*h = 28 - 56. Suppose -11 + h = -r. Determine i(r).
-2
Let i(n) = 106*n**3 - 6*n**2 - 16*n. Let s(a) = 21*a**3 - a**2 - 3*a. Let x(v) = 2*i(v) - 11*s(v). Determine x(1).
-19
Let w(n) be the second derivative of -n**3/3 + n**2/2 - 2*n. Suppose 0 = -2*q - 5*m + 38, 4*m = 5*q + 5*m - 49. Let a be (-1)/(2 - q/6). Calculate w(a).
5
Let s(t) = -t**2 + 5*t + 3. Let o = -26 + 30. Let x be s(o). Let c(p) = -3 + 2*p + 4 - x. Calculate c(4).
2
Let y(d) = -d**3 - d - 1. Let c(p) = 4*p**3 - 3*p**2 + 6*p + 8. Let x(j) = -c(j) - 5*y(j). Calculate x(-3).
0
Let m(f) be the first derivative of f**2/2 + 5*f + 66. Determine m(-5).
0
Let b(g) = -305 + 173 + 163 - g - 4*g. Determine b(7).
-4
Let b(h) = 2 + 6*h**2 - 1 + 2*h**2. Let p be 3/(-4) - (-185)/(-20). Let d = p - -11. Calculate b(d).
9
Let g(j) = 4 - 2 - 4 + 1396*j - 1394*j. Let z(a) = -a - 1. Let c be z(-4). Determine g(c).
4
Let x(l) be the third derivative of l**5/4 + l**4/6 + 7*l**3/6 + 3*l**2 - 5*l. Let h(d) = 2*d**2 + 1. Let b(n) = 6*h(n) - x(n). Calculate b(-2).
-5
Let b(x) = 6*x + 2. Let l = 1011 - 1015. Determine b(l).
-22
Let v(a) = -a**3 + 8*a**2 - a + 11. Let b(s) = 3*s - 23. Let i be b(10). Suppose -4*u - 2*p = -38, 6*p + i = 2*u + 3*p. Give v(u).
3
Let i(k) = -11*k**2 + 13*k. Let l(a) = 13*a**2 - 14*a + 1. Let u(c) = -7*i(c) - 6*l(c). Calculate u(-4).
6
Let q be 52/(-9) + 6/(-27). Let l(y) = 2 - 5 + 2*y + 13 + 1 - 2. What is l(q)?
-3
Suppose -20 - 124 = -4*a. Let g = 36 - a. Let v(f) = 7*f**3 - f**2 - f - 3. Let k(l) = -l**3. Let o(z) = 6*k(z) + v(z). What is o(g)?
-3
Let x(q) = 17*q + 24. Let w(n) = 14*n + 23. Let y(h) = -6*w(h) + 5*x(h). Determine y(0).
-18
Suppose -5*a = 3*p - 3 - 5, a + 4*p + 12 = 0. Let u(q) = -4*q**2 + 2*q**2 + a*q**2 - 3*q**2. Suppose 6*k = 7*k - 11*k. Calculate u(k).
0
Suppose -4 = -3*f - 1. Let c be (0 - 1) + 3 - -2. Let l(k) = 6 - 3 - f - k + c*k. What is l(-2)?
-4
Let h(i) = 2*i - i**2 + 7*i**3 + 1 + 0 - i. Let c = -91 - -90. Let s be (2/((-4)/(-2) + 0))/c. What is h(s)?
-8
Suppose -6*v = 4*h - 4*v - 20, 5*h - 25 = -4*v. Let u(w) be the second derivative of 1/20*w**5 + 3*w**2 + 1/6*w**3 + 13*w + 0 - 5/12*w**4. What is u(h)?
11
Suppose 66 = -1779*u + 1785*u. Let m(h) = -h**2 + 9*h + 9. What is m(u)?
-13
Let h(r) be the third derivative of r**7/1260 + r**6/144 - 3*r**5/10 + 6*r**2. Let s(w) 